 number?
False
Is 327170057 prime?
True
Is 21515477 a prime number?
False
Is 191484079 prime?
False
Is 5478949 prime?
False
Is 1039229 a prime number?
True
Is 9562019 composite?
True
Is 1237919 a composite number?
False
Is 7551169 a prime number?
True
Is 48432859 a composite number?
False
Is 548990411 composite?
False
Is 52703 prime?
False
Is 1367587 prime?
False
Is 964055 a prime number?
False
Is 43553201 a prime number?
False
Is 22121602 a composite number?
True
Is 3931517 a composite number?
False
Is 32058787 prime?
False
Is 25084505 a prime number?
False
Is 3348157 a prime number?
True
Is 62080169 composite?
False
Is 2216653 composite?
False
Is 12643439 a prime number?
True
Is 148968559 composite?
False
Is 164222459 a composite number?
True
Is 29032343 composite?
False
Is 32001659 composite?
True
Is 42002999 a prime number?
True
Is 3738659 a composite number?
False
Is 3311711 a composite number?
True
Is 1325876369 composite?
False
Is 27684521 a prime number?
True
Is 744367 composite?
True
Is 73670606 prime?
False
Is 42836401 a prime number?
False
Is 159458587 composite?
True
Is 117101 a composite number?
False
Is 15707569 composite?
False
Is 595481 prime?
True
Is 11506411 composite?
True
Is 6212399 a prime number?
False
Is 40719298 composite?
True
Is 49186001 composite?
True
Is 2698357 prime?
True
Is 8764573 prime?
True
Is 89064733 prime?
True
Is 23968855 a composite number?
True
Is 10989235 a prime number?
False
Is 35482715 composite?
True
Is 275950073 a composite number?
True
Is 23193827 prime?
False
Is 14962286 a composite number?
True
Is 10702297 a composite number?
True
Is 658673 composite?
True
Is 312413377 composite?
False
Is 79576097 prime?
True
Is 953083 prime?
False
Is 9361843 a composite number?
True
Is 21587897 composite?
True
Is 937259 prime?
False
Is 122751127 a composite number?
True
Is 401701 a composite number?
True
Is 22363255 prime?
False
Is 131439661 a prime number?
True
Is 8353181 prime?
False
Is 32611261 prime?
True
Is 17103397 prime?
False
Is 81611537 prime?
False
Is 360391 a prime number?
True
Is 16342789 composite?
True
Is 762277 prime?
True
Is 84593657 a composite number?
True
Is 3538267 a prime number?
True
Is 8016697 a composite number?
True
Is 3237145 prime?
False
Is 633559 prime?
True
Is 2702309 composite?
False
Is 7673117 prime?
True
Is 34209079 composite?
False
Is 311809 composite?
True
Is 757077 a prime number?
False
Is 54991091 a prime number?
False
Is 516128429 a composite number?
True
Is 171827 prime?
True
Is 41816059 prime?
True
Is 1177477 prime?
False
Is 40331153 a composite number?
False
Is 5731189 a prime number?
False
Is 9541109 prime?
True
Is 181937661 a composite number?
True
Is 584653 a composite number?
True
Is 11814459 a composite number?
True
Is 813803 a composite number?
True
Is 3454387 composite?
False
Is 200287667 a composite number?
False
Is 3179831 a composite number?
False
Is 6350833 a prime number?
True
Is 43881041 composite?
False
Is 54480939 prime?
False
Is 16973291 a prime number?
True
Is 8853577 prime?
True
Is 342733 prime?
True
Is 93058703 a prime number?
True
Is 408295291 a prime number?
True
Is 9331667 composite?
False
Is 139423 composite?
False
Is 157867 prime?
True
Is 4728643 composite?
True
Is 366667517 composite?
False
Is 2016951 a composite number?
True
Is 828517 composite?
False
Is 39601957 composite?
True
Is 57008251 a prime number?
True
Is 912727 prime?
True
Is 63513851 a prime number?
True
Is 8186437 a prime number?
False
Is 832381301 composite?
False
Is 3472277 prime?
True
Is 3325541 prime?
True
Is 65189149 a composite number?
False
Is 7827749 a composite number?
True
Is 32289007 composite?
False
Is 158981789 composite?
True
Is 63755213 a composite number?
False
Is 7412681 a composite number?
False
Is 5906687 a composite number?
False
Is 14531809 a composite number?
False
Is 680489 composite?
False
Is 3545677 a composite number?
True
Is 50951 a composite number?
False
Is 1210967 composite?
False
Is 2244961 prime?
False
Is 23165537 a prime number?
True
Is 40000867 a composite number?
False
Is 430516813 prime?
True
Is 948803 prime?
False
Is 63277 prime?
True
Is 1030663 a prime number?
False
Is 18441053 prime?
True
Is 25561603 prime?
True
Is 237242059 a composite number?
False
Is 2195521 a prime number?
True
Is 270923437 prime?
False
Is 1795327 a composite number?
False
Is 690385 prime?
False
Is 11054891 prime?
True
Is 8309162 composite?
True
Is 30530947 a composite number?
True
Is 123161249 a composite number?
True
Is 2702911 a composite number?
True
Is 6608207 composite?
False
Is 24442469 prime?
True
Is 56309707 prime?
True
Is 218613445 a prime number?
False
Is 3474617 composite?
True
Is 355423106 a prime number?
False
Is 7920389 prime?
True
Is 56081 a prime number?
True
Is 2441801 a prime number?
True
Is 24747573 a prime number?
False
Is 29158279 a prime number?
False
Is 83022887 a composite number?
False
Is 37929443 a composite number?
False
Is 4377389 composite?
True
Is 88985917 composite?
False
Is 72949589 a prime number?
False
Is 35794849 a prime number?
True
Is 246705971 a prime number?
True
Is 908177 prime?
False
Is 8891999 prime?
True
Is 214799311 prime?
False
Is 190448791 prime?
False
Is 993791 composite?
True
Is 102313183 a composite number?
True
Is 1306823 composite?
True
Is 754703 a composite number?
False
Is 8678257 composite?
True
Is 987109 composite?
True
Is 7724149 composite?
True
Is 18168433 composite?
False
Is 271618733 a composite number?
False
Is 27444223 prime?
True
Is 238267711 prime?
False
Is 19289841 a composite number?
True
Is 35711855 prime?
False
Is 37438507 prime?
False
Is 200058266 composite?
True
Is 7435277 a composite number?
False
Is 129829207 composite?
False
Is 3452297 prime?
True
Is 2858462 prime?
False
Is 8693053 composite?
True
Is 5106167 a composite number?
True
Is 44072293 a prime number?
True
Is 116568391 prime?
False
Is 266369 a composite number?
False
Is 9923951 a prime number?
False
Is 49917379 a composite number?
False
Is 1377878 a prime number?
False
Is 115218295 a composite number?
True
Is 33105299 composite?
False
Is 8463139 a composite number?
False
Is 682861 a composite number?
True
Is 242083 a composite number?
False
Is 47273411 prime?
True
Is 4878977 prime?
True
Is 12888277 a prime number?
True
Is 9728123 a prime number?
True
Is 57761911 a composite number?
False
Is 2815669 a prime number?
True
Is 4787491 a prime number?
False
Is 846563 a prime number?
True
Is 32890723 composite?
True
Is 180607811 composite?
False
Is 9454369 a composite number?
False
Is 1894439 composite?
False
Is 392348093 composite?
False
Is 377818883 prime?
False
Is 94316939 a prime number?
False
Is 28695461 composite?
True
Is 21880841 a composite number?
True
Is 29831693 composite?
False
Is 124689779 composite?
False
Is 43620121 composite?
True
Is 174332563 a prime number?
True
Is 12096659 a composite number?
True
Is 20508379 a composite number?
False
Is 1045835537 composite?
False
Is 16578439 prime?
False
Is 3290839 a prime number?
False
Is 194893 a prime number?
False
Is 30634217 prime?
False
Is 80453743 composite?
True
Is 104806847 a composite number?
True
Is 5976427 composite?
True
Is 313135031 a composite number?
True
Is 167214967 a prime number?
False
Is 14405491 prime?
True
Is 291582287 a composite number?
False
Is 46748893 prime?
False
Is 864275331 prime?
False
Is 7370029 a composite number?
False
Is 440569039 a prime number?
False
Is 543943853 a composite number?
False
Is 55967887 a composite number?
False
Is 2092765 prime?
False
Is 5078599 a prime number?
True
Is 3982031 a composite number?
False
Is 2163163 composite?
False
Is 35781611 a prime number?
True
Is 5346647 composite?
False
Is 13534205 a composite number?
True
Is 173061579 a prime number?
False
Is 149618171 composite?
False
Is 4442465 composite?
True
Is 177773059 prime?
False
Is 25763093 prime?
False
Is 9717761 composite?
True
Is 35629849 a composite number?
True
Is 1979839 a composite number?
True
Is 2364361 prime?
True
Is 44152522 a prime number?
False
Is 51437131 a prime number?
False
Is 16041199 a composite number?
False
Is 254246887 a prime number?
True
Is 25374187 prime?
True
Is 84337997 composite?
False
Is 8933963 a composite number?
False
Is 75878581 composite?
False
